{"id":3202,"date":"2023-03-10T10:35:36","date_gmt":"2023-03-10T09:35:36","guid":{"rendered":"https:\/\/pitbike-store.at\/?post_type=product&#038;p=3202"},"modified":"2024-04-10T09:39:52","modified_gmt":"2024-04-10T07:39:52","slug":"aytron-xtrema-speciale","status":"publish","type":"product","link":"https:\/\/pitbike-store.at\/?product=aytron-xtrema-speciale","title":{"rendered":"Aytron Xtrema Speciale"},"content":{"rendered":"<p>MOTOR<\/p>\n<p>&nbsp;<\/p>\n<p>&#8211; MOTOR: GPX ZONGHSHEN 155 cc \u00d6LFILTER 2.0 X9 Version (LAST EVOLUTIONARY SERIES), 4 Takte, 2 Ventile, \u00d6lk\u00fchlung durch Lamellenk\u00fchler.<\/p>\n<p>&nbsp;<\/p>\n<p>&#8211; Interner \u00d6lfilter, direkter Zugang zur Kupplung, \u00d6lstandsschauglas.<\/p>\n<p>&nbsp;<\/p>\n<p>&#8211; Bohrung und Hub 60&#215;55<\/p>\n<p>&nbsp;<\/p>\n<p>&#8211; Verdichtungsverh\u00e4ltnis 9,6:1<\/p>\n<p>&nbsp;<\/p>\n<p>&#8211; Von der Muttergesellschaft angegebene Leistung 16Cv\/9.500 U\/min<\/p>\n<p>&nbsp;<\/p>\n<p>&#8211; Manuelles 4-Gang-Getriebe (N1234)<\/p>\n<p>&nbsp;<\/p>\n<p>&#8211; Starten des Motors mit eingelegtem Gang.<\/p>\n<p>&nbsp;<\/p>\n<p>&#8211; Kupplung Im \u00d6lbad mit 6 verst\u00e4rkten Scheiben mit Zugang vom Au\u00dfengeh\u00e4use.<\/p>\n<p>&nbsp;<\/p>\n<p>Der installierte ZS 155-Motor ist die LETZTE EVOLUTION\u00c4RE SERIE.<\/p>\n<p>&nbsp;<\/p>\n<p>&#8211; RADIATOR mit erh\u00f6htem Lamellenwirkungsgrad und hoher Ableitf\u00e4higkeit, ausgestattet mit geflochtenen Hochdruckschl\u00e4uchen f\u00fcr die Luftfahrt, die f\u00fcr europ\u00e4ische Rennen zugelassen sind.<\/p>\n<p>&nbsp;<\/p>\n<p>&#8211; ELEKTRONISCHE Z\u00dcNDUNG: Externe &#8222;mittel&#8220; leichte 4-polige Rotoren, fortschrittliches Modell 2020 DAYTONA Typ mit langem Magnet und gro\u00dfer elektronischer Steuereinheit.<\/p>\n<p>&nbsp;<\/p>\n<p>&#8211; MIKUNI MOLKT CARBURATOR, 2. Generation<\/p>\n<p>&nbsp;<\/p>\n<p>&#8211; RACE performance COIL<\/p>\n<p>&nbsp;<\/p>\n<p>&#8211; RAPID GAS aus eloxiertem Aluminium. TOP Qualit\u00e4t EXHAUST UNIT<\/p>\n<p>&nbsp;<\/p>\n<p>&#8211; Auspuffkr\u00fcmmer aus EDELSTAHL AISI 304 mit tig-geschwei\u00dften N\u00e4hten und ohne Material\u00fcbertrag. Hitzeschild aus EDELSTAHL AISI 304.<\/p>\n<p>&nbsp;<\/p>\n<p>&#8211; AYRTEK RACING&#8220; EXHAUST SILENCER in AISI 304 EDELSTAHL mit tig-geschwei\u00dften N\u00e4hten und ohne Materialabtrag. Geh\u00e4use aus Edelstahl AISI 304 mit f\u00fcnfeckiger Struktur und sandgestrahltem Stahl-Finish, um einen optischen Effekt im &#8222;TITAN-Look&#8220; zu erzielen.<\/p>\n<p>&nbsp;<\/p>\n<p>&#8211; ENDKAPPE mit Edelstahlnieten verankert.<\/p>\n<p>&nbsp;<\/p>\n<p>&#8211; Abnehmbarer DB-Killer, der mittels eines Blockierstifts in 1 Minute montiert\/demontiert werden kann Verankerungsband aus rostfreiem Stahl, das mit Gummi \u00fcberzogen ist, um eine hohe Best\u00e4ndigkeit gegen Vibrationen und mechanische Beanspruchung zu gew\u00e4hrleisten.<\/p>\n<p>&nbsp;<\/p>\n<p>CYCLISTS<\/p>\n<p>&nbsp;<\/p>\n<p>&#8211; EVOLUZIONE 2021 FRAME exklusiv f\u00fcr Motard entwickelt, PERIMETRISCHE Gitterstruktur aus ALS 450 HIGH STRENGTH Stahl + S700MC STRENX Platten. IN ITALIEN GEFERTIGT<\/p>\n<p>&nbsp;<\/p>\n<p>&#8211; ALS450 Stahlrahmen + S700MC STRENX-Platten mit revolution\u00e4rem Quickfit-System. IN ITALIEN GEFERTIGT<\/p>\n<p>&nbsp;<\/p>\n<p>&#8211; CNC-gefr\u00e4ster Kurbelsatz aus 7020 T6 ALUMINIUM mit harter Oxidationsbehandlung. Ausgestattet (OPZ) mit 4 austauschbaren Bl\u00f6cken in Aluminium 7020 T6 CNC-gefr\u00e4st f\u00fcr Angriff Monoshock (variiert die Inzidenz der Monoshock und seine Neigung).<\/p>\n<p>&nbsp;<\/p>\n<p>&#8211; CNC-gefr\u00e4ste 7075 T6 Aluminium-Lenkplatten, komplett aus dem Vollen gefr\u00e4st mit 6 Befestigungsstiften f\u00fcr jede Gabel. Gro\u00dfe strukturelle Steifigkeit und Leichtigkeit dank der seitlichen CNC-gefr\u00e4sten &#8222;Augen&#8220;-Form.<\/p>\n<p>&nbsp;<\/p>\n<p>&#8211; Ultraflache 28 mm CNC-gefr\u00e4ste 7075 T6-Aluminium-Lenkeraufs\u00e4tze.<\/p>\n<p>&nbsp;<\/p>\n<p>&#8211; CALIBRATED CALIBRATED HARM PIN aus geschliffenem und verg\u00fctetem Chrom-Molybd\u00e4n-Stahl (39NiCrMo3). IN ITALIEN GEFERTIGT<\/p>\n<p>&nbsp;<\/p>\n<p>&#8211; TECH SUSPENSION FORKS USD39 MOTARD 720mm 2021 mit radialem Montagefu\u00df. MADE IN ITALY.<\/p>\n<p>&nbsp;<\/p>\n<p>&#8211; DNM HORNET RACE EVOLUTION4 2020 (TOP OF THE RANGE) REAR SINGLE ARM mit 4 ADJUSTMENTS voll einstellbar bei hohen und niedrigen Geschwindigkeiten in Zugstufe, Druckstufe und Vorspannung, 348mm, Auswahl der Feder (800\/1000\/1200 lbs) je nach Einsatzzweck und entsprechend dem Gewicht und Fahrstil des Fahrers. DNM HORNET 2020 Version Weiterentwickelt und verbessert. TOP OF THE RANGE in seiner Kategorie.<\/p>\n<p>&nbsp;<\/p>\n<p>&#8211; FORMEL-RADIAL-VORDERRAD-BREMSANLAGE mit 4-Kolben-Bremssattel. Das Beste aus der Reihe. MADE IN ITALY. (OPZ) FORMEL radial mit Doppelradialzange. MADE IN ITALY.<\/p>\n<p>&nbsp;<\/p>\n<p>&#8211; FRONT BRAKE DISC 220mm selbstzentrierend superleicht 3-Loch. MADE IN ITALY. (Optional) doppelte 180-mm-Schwimmscheibe. MADE IN ITALY.<\/p>\n<p>&nbsp;<\/p>\n<p>&#8211; REPLICA CRF450 Einkolben-Hinterradbremsanlage mit CNC-gefr\u00e4ster Halterung aus Billet-Aluminium.<\/p>\n<p>&nbsp;<\/p>\n<p>&#8211; REPLICA CRF450 Einkolben-Bremsscheibe hinten mit 3 L\u00f6chern 190mm selbstzentrierend.<\/p>\n<p>&nbsp;<\/p>\n<p>&#8211; 28mm PROTAPER Lenker mit variablem Querschnitt aus hochwertigem Aluminium mit geringer Biegung ohne Querstange.<\/p>\n<p>&nbsp;<\/p>\n<p>&#8211; AYRTON XTREMA BIG BOOMERANG PLASTICS mit grafischem Design made in Italy.<\/p>\n<p>&nbsp;<\/p>\n<p>&#8211; STAHLKRONE mit minimalistischem Design zur Reduzierung der Schwebemassen<\/p>\n<p>&nbsp;<\/p>\n<p>&#8211; KMC RACE CHAIN hoher Widerstand 420 Teilung<\/p>\n<p>&nbsp;<\/p>\n<p>&#8211; BRAKE PEDAL aus ultraleichtem CNC-Aluminium<\/p>\n<p>&nbsp;<\/p>\n<p>&#8211; ADJUSTABLE CNC aluminium RAISED PEDESTAL SUPPORTS. made in italy<\/p>\n<p>&nbsp;<\/p>\n<p>DETAILS UND AUSF\u00dcHRUNGEN. IN ITALIEN GEFERTIGT<\/p>\n<p>&nbsp;<\/p>\n<p>&#8211; PERFORMANCE STYLE&#8220; LEVERS von HOHER QUALIT\u00c4T mit eloxierter Oberfl\u00e4che.<\/p>\n<p>&nbsp;<\/p>\n<p>&#8211; CNC-gefr\u00e4ster Aluminium-Tankdeckel<\/p>\n<p>&nbsp;<\/p>\n<p>&#8211; Sattel hohe Qualit\u00e4t, hohe Dichte rei\u00dffest \/ rutschfest. Modell EVO. DAS BESTE VOM BESTEN<\/p>\n<p>&nbsp;<\/p>\n<p>&#8211; CNC-Aluminium-Hinterradumlenkhebel mit klappbarer Endkappe.<\/p>\n<p>&nbsp;<\/p>\n<p>&#8211; HOCHWERTIGE ITALIENISCHE SCHRAUBEN.<\/p>\n<p>&nbsp;<\/p>\n<p>FELGEN UND REIFEN IN MOTARD-AUSF\u00dcHRUNG:<\/p>\n<p>&nbsp;<\/p>\n<p>&#8211; AYRTON &#8211; DM SUPER LIGHT professionelle ultraleichte 3-ROLLEN GOLD 2021 R\u00c4DER AUS ALLOY Aluminium verst\u00e4rkt und geh\u00e4rtet, schlauchlos 5-Speichen Y vorne 2.50&#215;12, hinten 3.00&#215;12, geeignet f\u00fcr beide Systeme BI-DISCO, dass einzelne Scheibe<\/p>\n<p>&nbsp;<\/p>\n<p>&#8211; REIFEN: MITAS MC35 std 100\/90-12 vorne &#8211; 120\/90 12 hinten<\/p>\n<p>&nbsp;<\/p>\n<p>GRAFIK mit MADE IN ITALY Design. (optional) anpassbar mit Nummer und Name oder komplett anpassbar. Hergestellt in Italien<\/p>\n<p>&nbsp;<\/p>\n<p>Der Preis versteht sich\u00a0exkl. Versand und Montage!<\/p>\n","protected":false},"excerpt":{"rendered":"<p>MOTOR &nbsp; &#8211; MOTOR: GPX ZONGHSHEN 155 cc \u00d6LFILTER 2.0 X9 Version (LAST EVOLUTIONARY SERIES), 4 Takte, 2 Ventile, \u00d6lk\u00fchlung durch Lamellenk\u00fchler. &nbsp; &#8211; Interner \u00d6lfilter, direkter Zugang zur Kupplung, \u00d6lstandsschauglas. &nbsp; &#8211; Bohrung und Hub 60&#215;55 &nbsp; &#8211; Verdichtungsverh\u00e4ltnis 9,6:1 &nbsp; &#8211; Von der Muttergesellschaft angegebene Leistung 16Cv\/9.500 U\/min &nbsp; &#8211; Manuelles 4-Gang-Getriebe (N1234)&#8230;<\/p>\n","protected":false},"featured_media":3213,"template":"","meta":[],"product_brand":[],"product_cat":[16],"product_tag":[],"class_list":{"0":"post-3202","1":"product","2":"type-product","3":"status-publish","4":"has-post-thumbnail","6":"product_cat-uncategorized","8":"first","9":"instock","10":"taxable","11":"shipping-taxable","12":"purchasable","13":"product-type-simple"},"yoast_head":"<!-- This site is optimized with the Yoast SEO plugin v27.4 - https:\/\/yoast.com\/product\/yoast-seo-wordpress\/ -->\n<title>Aytron Xtrema Speciale - Pitbike Store<\/title>\n<meta name=\"robots\" content=\"index, follow, max-snippet:-1, max-image-preview:large, max-video-preview:-1\" \/>\n<link rel=\"canonical\" href=\"https:\/\/pitbike-store.at\/?product=aytron-xtrema-speciale\" \/>\n<meta property=\"og:locale\" content=\"de_DE\" \/>\n<meta property=\"og:type\" content=\"article\" \/>\n<meta property=\"og:title\" content=\"Aytron Xtrema Speciale - Pitbike Store\" \/>\n<meta property=\"og:description\" content=\"MOTOR &nbsp; &#8211; MOTOR: GPX ZONGHSHEN 155 cc \u00d6LFILTER 2.0 X9 Version (LAST EVOLUTIONARY SERIES), 4 Takte, 2 Ventile, \u00d6lk\u00fchlung durch Lamellenk\u00fchler. &nbsp; &#8211; Interner \u00d6lfilter, direkter Zugang zur Kupplung, \u00d6lstandsschauglas. &nbsp; &#8211; Bohrung und Hub 60&#215;55 &nbsp; &#8211; Verdichtungsverh\u00e4ltnis 9,6:1 &nbsp; &#8211; Von der Muttergesellschaft angegebene Leistung 16Cv\/9.500 U\/min &nbsp; &#8211; Manuelles 4-Gang-Getriebe (N1234)...\" \/>\n<meta property=\"og:url\" content=\"https:\/\/pitbike-store.at\/?product=aytron-xtrema-speciale\" \/>\n<meta property=\"og:site_name\" content=\"Pitbike Store\" \/>\n<meta property=\"article:modified_time\" content=\"2024-04-10T07:39:52+00:00\" \/>\n<meta property=\"og:image\" content=\"https:\/\/pitbike-store.at\/wp-content\/uploads\/2023\/03\/DSC07590-copia.jpg\" \/>\n\t<meta property=\"og:image:width\" content=\"1920\" \/>\n\t<meta property=\"og:image:height\" content=\"1280\" \/>\n\t<meta property=\"og:image:type\" content=\"image\/jpeg\" \/>\n<meta name=\"twitter:card\" content=\"summary_large_image\" \/>\n<meta name=\"twitter:label1\" content=\"Gesch\u00e4tzte Lesezeit\" \/>\n\t<meta name=\"twitter:data1\" content=\"4\u00a0Minuten\" \/>\n<script type=\"application\/ld+json\" class=\"yoast-schema-graph\">{\"@context\":\"https:\\\/\\\/schema.org\",\"@graph\":[{\"@type\":\"WebPage\",\"@id\":\"https:\\\/\\\/pitbike-store.at\\\/?product=aytron-xtrema-speciale\",\"url\":\"https:\\\/\\\/pitbike-store.at\\\/?product=aytron-xtrema-speciale\",\"name\":\"Aytron Xtrema Speciale - Pitbike Store\",\"isPartOf\":{\"@id\":\"https:\\\/\\\/pitbike-store.at\\\/#website\"},\"primaryImageOfPage\":{\"@id\":\"https:\\\/\\\/pitbike-store.at\\\/?product=aytron-xtrema-speciale#primaryimage\"},\"image\":{\"@id\":\"https:\\\/\\\/pitbike-store.at\\\/?product=aytron-xtrema-speciale#primaryimage\"},\"thumbnailUrl\":\"https:\\\/\\\/pitbike-store.at\\\/wp-content\\\/uploads\\\/2023\\\/03\\\/DSC07590-copia.jpg\",\"datePublished\":\"2023-03-10T09:35:36+00:00\",\"dateModified\":\"2024-04-10T07:39:52+00:00\",\"breadcrumb\":{\"@id\":\"https:\\\/\\\/pitbike-store.at\\\/?product=aytron-xtrema-speciale#breadcrumb\"},\"inLanguage\":\"de\",\"potentialAction\":[{\"@type\":\"ReadAction\",\"target\":[\"https:\\\/\\\/pitbike-store.at\\\/?product=aytron-xtrema-speciale\"]}]},{\"@type\":\"ImageObject\",\"inLanguage\":\"de\",\"@id\":\"https:\\\/\\\/pitbike-store.at\\\/?product=aytron-xtrema-speciale#primaryimage\",\"url\":\"https:\\\/\\\/pitbike-store.at\\\/wp-content\\\/uploads\\\/2023\\\/03\\\/DSC07590-copia.jpg\",\"contentUrl\":\"https:\\\/\\\/pitbike-store.at\\\/wp-content\\\/uploads\\\/2023\\\/03\\\/DSC07590-copia.jpg\",\"width\":1920,\"height\":1280},{\"@type\":\"BreadcrumbList\",\"@id\":\"https:\\\/\\\/pitbike-store.at\\\/?product=aytron-xtrema-speciale#breadcrumb\",\"itemListElement\":[{\"@type\":\"ListItem\",\"position\":1,\"name\":\"Startseite\",\"item\":\"https:\\\/\\\/pitbike-store.at\\\/\"},{\"@type\":\"ListItem\",\"position\":2,\"name\":\"Shop\",\"item\":\"https:\\\/\\\/pitbike-store.at\\\/?page_id=10\"},{\"@type\":\"ListItem\",\"position\":3,\"name\":\"Aytron Xtrema Speciale\"}]},{\"@type\":\"WebSite\",\"@id\":\"https:\\\/\\\/pitbike-store.at\\\/#website\",\"url\":\"https:\\\/\\\/pitbike-store.at\\\/\",\"name\":\"Pitbike Store\",\"description\":\"\",\"publisher\":{\"@id\":\"https:\\\/\\\/pitbike-store.at\\\/#organization\"},\"potentialAction\":[{\"@type\":\"SearchAction\",\"target\":{\"@type\":\"EntryPoint\",\"urlTemplate\":\"https:\\\/\\\/pitbike-store.at\\\/?s={search_term_string}\"},\"query-input\":{\"@type\":\"PropertyValueSpecification\",\"valueRequired\":true,\"valueName\":\"search_term_string\"}}],\"inLanguage\":\"de\"},{\"@type\":\"Organization\",\"@id\":\"https:\\\/\\\/pitbike-store.at\\\/#organization\",\"name\":\"Pitbike Store\",\"url\":\"https:\\\/\\\/pitbike-store.at\\\/\",\"logo\":{\"@type\":\"ImageObject\",\"inLanguage\":\"de\",\"@id\":\"https:\\\/\\\/pitbike-store.at\\\/#\\\/schema\\\/logo\\\/image\\\/\",\"url\":\"https:\\\/\\\/pitbike-store.at\\\/wp-content\\\/uploads\\\/2023\\\/02\\\/image-2.png\",\"contentUrl\":\"https:\\\/\\\/pitbike-store.at\\\/wp-content\\\/uploads\\\/2023\\\/02\\\/image-2.png\",\"width\":591,\"height\":205,\"caption\":\"Pitbike Store\"},\"image\":{\"@id\":\"https:\\\/\\\/pitbike-store.at\\\/#\\\/schema\\\/logo\\\/image\\\/\"}}]}<\/script>\n<!-- \/ Yoast SEO plugin. -->","yoast_head_json":{"title":"Aytron Xtrema Speciale - Pitbike Store","robots":{"index":"index","follow":"follow","max-snippet":"max-snippet:-1","max-image-preview":"max-image-preview:large","max-video-preview":"max-video-preview:-1"},"canonical":"https:\/\/pitbike-store.at\/?product=aytron-xtrema-speciale","og_locale":"de_DE","og_type":"article","og_title":"Aytron Xtrema Speciale - Pitbike Store","og_description":"MOTOR &nbsp; &#8211; MOTOR: GPX ZONGHSHEN 155 cc \u00d6LFILTER 2.0 X9 Version (LAST EVOLUTIONARY SERIES), 4 Takte, 2 Ventile, \u00d6lk\u00fchlung durch Lamellenk\u00fchler. &nbsp; &#8211; Interner \u00d6lfilter, direkter Zugang zur Kupplung, \u00d6lstandsschauglas. &nbsp; &#8211; Bohrung und Hub 60&#215;55 &nbsp; &#8211; Verdichtungsverh\u00e4ltnis 9,6:1 &nbsp; &#8211; Von der Muttergesellschaft angegebene Leistung 16Cv\/9.500 U\/min &nbsp; &#8211; Manuelles 4-Gang-Getriebe (N1234)...","og_url":"https:\/\/pitbike-store.at\/?product=aytron-xtrema-speciale","og_site_name":"Pitbike Store","article_modified_time":"2024-04-10T07:39:52+00:00","og_image":[{"width":1920,"height":1280,"url":"https:\/\/pitbike-store.at\/wp-content\/uploads\/2023\/03\/DSC07590-copia.jpg","type":"image\/jpeg"}],"twitter_card":"summary_large_image","twitter_misc":{"Gesch\u00e4tzte Lesezeit":"4\u00a0Minuten"},"schema":{"@context":"https:\/\/schema.org","@graph":[{"@type":"WebPage","@id":"https:\/\/pitbike-store.at\/?product=aytron-xtrema-speciale","url":"https:\/\/pitbike-store.at\/?product=aytron-xtrema-speciale","name":"Aytron Xtrema Speciale - Pitbike Store","isPartOf":{"@id":"https:\/\/pitbike-store.at\/#website"},"primaryImageOfPage":{"@id":"https:\/\/pitbike-store.at\/?product=aytron-xtrema-speciale#primaryimage"},"image":{"@id":"https:\/\/pitbike-store.at\/?product=aytron-xtrema-speciale#primaryimage"},"thumbnailUrl":"https:\/\/pitbike-store.at\/wp-content\/uploads\/2023\/03\/DSC07590-copia.jpg","datePublished":"2023-03-10T09:35:36+00:00","dateModified":"2024-04-10T07:39:52+00:00","breadcrumb":{"@id":"https:\/\/pitbike-store.at\/?product=aytron-xtrema-speciale#breadcrumb"},"inLanguage":"de","potentialAction":[{"@type":"ReadAction","target":["https:\/\/pitbike-store.at\/?product=aytron-xtrema-speciale"]}]},{"@type":"ImageObject","inLanguage":"de","@id":"https:\/\/pitbike-store.at\/?product=aytron-xtrema-speciale#primaryimage","url":"https:\/\/pitbike-store.at\/wp-content\/uploads\/2023\/03\/DSC07590-copia.jpg","contentUrl":"https:\/\/pitbike-store.at\/wp-content\/uploads\/2023\/03\/DSC07590-copia.jpg","width":1920,"height":1280},{"@type":"BreadcrumbList","@id":"https:\/\/pitbike-store.at\/?product=aytron-xtrema-speciale#breadcrumb","itemListElement":[{"@type":"ListItem","position":1,"name":"Startseite","item":"https:\/\/pitbike-store.at\/"},{"@type":"ListItem","position":2,"name":"Shop","item":"https:\/\/pitbike-store.at\/?page_id=10"},{"@type":"ListItem","position":3,"name":"Aytron Xtrema Speciale"}]},{"@type":"WebSite","@id":"https:\/\/pitbike-store.at\/#website","url":"https:\/\/pitbike-store.at\/","name":"Pitbike Store","description":"","publisher":{"@id":"https:\/\/pitbike-store.at\/#organization"},"potentialAction":[{"@type":"SearchAction","target":{"@type":"EntryPoint","urlTemplate":"https:\/\/pitbike-store.at\/?s={search_term_string}"},"query-input":{"@type":"PropertyValueSpecification","valueRequired":true,"valueName":"search_term_string"}}],"inLanguage":"de"},{"@type":"Organization","@id":"https:\/\/pitbike-store.at\/#organization","name":"Pitbike Store","url":"https:\/\/pitbike-store.at\/","logo":{"@type":"ImageObject","inLanguage":"de","@id":"https:\/\/pitbike-store.at\/#\/schema\/logo\/image\/","url":"https:\/\/pitbike-store.at\/wp-content\/uploads\/2023\/02\/image-2.png","contentUrl":"https:\/\/pitbike-store.at\/wp-content\/uploads\/2023\/02\/image-2.png","width":591,"height":205,"caption":"Pitbike Store"},"image":{"@id":"https:\/\/pitbike-store.at\/#\/schema\/logo\/image\/"}}]}},"_links":{"self":[{"href":"https:\/\/pitbike-store.at\/index.php?rest_route=\/wp\/v2\/product\/3202","targetHints":{"allow":["GET"]}}],"collection":[{"href":"https:\/\/pitbike-store.at\/index.php?rest_route=\/wp\/v2\/product"}],"about":[{"href":"https:\/\/pitbike-store.at\/index.php?rest_route=\/wp\/v2\/types\/product"}],"wp:featuredmedia":[{"embeddable":true,"href":"https:\/\/pitbike-store.at\/index.php?rest_route=\/wp\/v2\/media\/3213"}],"wp:attachment":[{"href":"https:\/\/pitbike-store.at\/index.php?rest_route=%2Fwp%2Fv2%2Fmedia&parent=3202"}],"wp:term":[{"taxonomy":"product_brand","embeddable":true,"href":"https:\/\/pitbike-store.at\/index.php?rest_route=%2Fwp%2Fv2%2Fproduct_brand&post=3202"},{"taxonomy":"product_cat","embeddable":true,"href":"https:\/\/pitbike-store.at\/index.php?rest_route=%2Fwp%2Fv2%2Fproduct_cat&post=3202"},{"taxonomy":"product_tag","embeddable":true,"href":"https:\/\/pitbike-store.at\/index.php?rest_route=%2Fwp%2Fv2%2Fproduct_tag&post=3202"}],"curies":[{"name":"wp","href":"https:\/\/api.w.org\/{rel}","templated":true}]}}